{"id":150,"date":"2012-04-04T20:38:19","date_gmt":"2012-04-04T23:38:19","guid":{"rendered":"https:\/\/itera.com.uy\/wp57\/?page_id=150"},"modified":"2012-09-30T20:43:46","modified_gmt":"2012-09-30T23:43:46","slug":"capacitacion","status":"publish","type":"page","link":"https:\/\/itera.com.uy\/wp57\/capacitacion\/","title":{"rendered":"Capacitaci\u00f3n"},"content":{"rendered":"<p><span style=\"color: #000000;\">La capacitaci\u00f3n juega un rol muy importante en el desempe\u00f1o de los usuarios de sistemas inform\u00e1ticos. El carecer de un dominio adecuado de las herramientas genera frustraci\u00f3n y bajo rendimiento, afectando el recupero de la inversi\u00f3n realizada en software.<\/span><\/p>\n<p><span style=\"color: #000000;\">Adem\u00e1s de ofrecer capacitaci\u00f3n de todos nuestros productos, impartimos cursos a la medida de las necesidades de nuestros clientes. Son cursos cortos, dictados en su empresa enfocados en los que realmente necesitan sus colaboradores.<\/span><\/p>\n<p><span style=\"color: #000000;\">No deje pasar el tiempo, cont\u00e1ctenos.<\/span><\/p>\n","protected":false},"excerpt":{"rendered":"<p>La capacitaci\u00f3n juega un rol muy importante en el desempe\u00f1o de los usuarios de sistemas inform\u00e1ticos. El carecer de un dominio adecuado de las herramientas genera frustraci\u00f3n y bajo rendimiento, afectando el recupero de la inversi\u00f3n realizada en software.<br \/>\nAdem\u00e1s de ofrecer capacitaci\u00f3n de todos nuestros productos, impartimos cursos a la medida de las necesidades de nuestros clientes. Son cursos cortos, dictados en su empresa enfocados en los que realmente necesitan sus colaboradores.<br \/>\nNo deje pasar el tiempo, cont\u00e1ctenos.<\/p>\n","protected":false},"author":1,"featured_media":0,"parent":0,"menu_order":0,"comment_status":"closed","ping_status":"closed","template":"template_rightnav.php","meta":{"footnotes":""},"_links":{"self":[{"href":"https:\/\/itera.com.uy\/wp57\/wp-json\/wp\/v2\/pages\/150"}],"collection":[{"href":"https:\/\/itera.com.uy\/wp57\/wp-json\/wp\/v2\/pages"}],"about":[{"href":"https:\/\/itera.com.uy\/wp57\/wp-json\/wp\/v2\/types\/page"}],"author":[{"embeddable":true,"href":"https:\/\/itera.com.uy\/wp57\/wp-json\/wp\/v2\/users\/1"}],"replies":[{"embeddable":true,"href":"https:\/\/itera.com.uy\/wp57\/wp-json\/wp\/v2\/comments?post=150"}],"version-history":[{"count":7,"href":"https:\/\/itera.com.uy\/wp57\/wp-json\/wp\/v2\/pages\/150\/revisions"}],"predecessor-version":[{"id":247,"href":"https:\/\/itera.com.uy\/wp57\/wp-json\/wp\/v2\/pages\/150\/revisions\/247"}],"wp:attachment":[{"href":"https:\/\/itera.com.uy\/wp57\/wp-json\/wp\/v2\/media?parent=150"}],"curies":[{"name":"wp","href":"https:\/\/api.w.org\/{rel}","templated":true}]}}