{"id":174,"date":"2012-04-04T20:50:55","date_gmt":"2012-04-04T23:50:55","guid":{"rendered":"https:\/\/itera.com.uy\/wp57\/?page_id=174"},"modified":"2012-09-30T23:03:25","modified_gmt":"2012-10-01T02:03:25","slug":"apsms","status":"publish","type":"page","link":"https:\/\/itera.com.uy\/wp57\/apsms\/","title":{"rendered":"SMS"},"content":{"rendered":"<p>El servicio de mensajer\u00eda corta que manejan todos los celulares, conocido como SMS puede ser utilizado como una v\u00eda r\u00e1pida y eficiente de comunicaci\u00f3n entre las empresas y el personal que trabaja fuera de las mismas.<\/p>\n<p>La integraci\u00f3n de esta herramienta a los procesos de comunicaci\u00f3n permite, entre otras aplicaciones, registrar y\u00a0 notificar eventos,\u00a0 asignar nuevas tareas y ser notificado cuando se completan,\u00a0 as\u00ed como generar avisos de vencimientos, avisos de pagos, etc..<\/p>\n<p>Contamos con amplia experiencia en el desarrollo de aplicaciones donde el SMS es el medio de comunicaci\u00f3n en tiempo real que le permite estar actualizado minuto a minuto con lo que pasa fuera de su empresa.<\/p>\n<p>&nbsp;<\/p>\n<p>&nbsp;<\/p>\n","protected":false},"excerpt":{"rendered":"<p>El servicio de mensajer\u00eda corta que manejan todos los celulares, conocido como SMS puede ser utilizado como una v\u00eda r\u00e1pida y eficiente de comunicaci\u00f3n entre las empresas y el personal que trabaja fuera de las mismas.<br \/>\nLa integraci\u00f3n de esta herramienta a los procesos de comunicaci\u00f3n permite, entre otras aplicaciones, registrar y\u00a0 notificar eventos,\u00a0 asignar nuevas tareas y ser notificado cuando se completan,\u00a0 as\u00ed como generar avisos de vencimientos, avisos de pagos, etc..<br \/>\nContamos con amplia experiencia en el desarrollo &#8230;<\/p>\n","protected":false},"author":1,"featured_media":0,"parent":0,"menu_order":0,"comment_status":"closed","ping_status":"closed","template":"template_rightnav.php","meta":{"footnotes":""},"_links":{"self":[{"href":"https:\/\/itera.com.uy\/wp57\/wp-json\/wp\/v2\/pages\/174"}],"collection":[{"href":"https:\/\/itera.com.uy\/wp57\/wp-json\/wp\/v2\/pages"}],"about":[{"href":"https:\/\/itera.com.uy\/wp57\/wp-json\/wp\/v2\/types\/page"}],"author":[{"embeddable":true,"href":"https:\/\/itera.com.uy\/wp57\/wp-json\/wp\/v2\/users\/1"}],"replies":[{"embeddable":true,"href":"https:\/\/itera.com.uy\/wp57\/wp-json\/wp\/v2\/comments?post=174"}],"version-history":[{"count":13,"href":"https:\/\/itera.com.uy\/wp57\/wp-json\/wp\/v2\/pages\/174\/revisions"}],"predecessor-version":[{"id":281,"href":"https:\/\/itera.com.uy\/wp57\/wp-json\/wp\/v2\/pages\/174\/revisions\/281"}],"wp:attachment":[{"href":"https:\/\/itera.com.uy\/wp57\/wp-json\/wp\/v2\/media?parent=174"}],"curies":[{"name":"wp","href":"https:\/\/api.w.org\/{rel}","templated":true}]}}