{"id":2,"date":"2012-03-31T02:05:57","date_gmt":"2012-03-31T05:05:57","guid":{"rendered":"https:\/\/itera.com.uy\/wp57\/?page_id=2"},"modified":"2012-05-19T23:41:30","modified_gmt":"2012-05-20T02:41:30","slug":"sample-page","status":"publish","type":"page","link":"https:\/\/itera.com.uy\/wp57\/","title":{"rendered":"Inicio"},"content":{"rendered":"<div class=\"one_third\"><div class=\"blog-posts-shortcode-outer-wrap\"><h3>Noticias &amp; Novedades<\/h3>\n<div class=\"one_third\">\n<div class=\"modern_img_frame modern_three_col_large\">\n<div class=\"modern_preload_three_col_large\">\n<div class=\"attachment-fadeIn\"><a href='https:\/\/itera.com.uy\/wp57\/alianza-de-valor\/'><img src='https:\/\/itera.com.uy\/wp57\/wp-content\/uploads\/2015\/03\/RJ_web_itera_300x185-275x145.jpg' alt='Alianza de valor' \/><\/a><\/p>\n<\/div><\/div><\/div><h4><a href=\"https:\/\/itera.com.uy\/wp57\/alianza-de-valor\/\">Alianza de valor<\/a><\/h4>\n<p>\nITERA une sus fuerzas a RJ CONSULTORES\u00a0 para presentar al mercado uruguayo el software TOTALBUS,\u00a0 la mejor soluci...<\/p>\n<p><a href=\"https:\/\/itera.com.uy\/wp57\/alianza-de-valor\/\" class=\"ka_button small_button\"><span>Leer m\u00e1s<\/span><\/a><\/p>\n<\/div>\n<\/div><br class=\"clear\" \/><\/div><div class=\"one_third\"><div class=\"blog-posts-shortcode-outer-wrap\"><h3>\u00daltimos Proyectos<\/h3>\n<div class=\"one_third\">\n<div class=\"modern_img_frame modern_three_col_large\">\n<div class=\"modern_preload_three_col_large\">\n<div class=\"attachment-fadeIn\"><a href='https:\/\/itera.com.uy\/wp57\/proyectos\/'><img src='https:\/\/itera.com.uy\/wp57\/wp-content\/uploads\/2012\/04\/tarjeta_oca-275x145.jpg' alt='Integramos OCA' \/><\/a><\/p>\n<\/div><\/div><\/div><h4><a href=\"https:\/\/itera.com.uy\/wp57\/proyectos\/\">Integramos OCA<\/a><\/h4>\n<p>\nEstamos trabajando fuerte este a\u00f1o en el desarrollo e integraci\u00f3n del comercio electr\u00f3nico. Este mes estamos sum...<\/p>\n<p><a href=\"https:\/\/itera.com.uy\/wp57\/proyectos\/\" class=\"ka_button small_button\"><span>Leer m\u00e1s<\/span><\/a><\/p>\n<\/div>\n<\/div><br class=\"clear\" \/><\/div><div class=\"one_third_last\"><div class=\"blog-posts-shortcode-outer-wrap\"><h3>Links de Interes<\/h3>\n<div class=\"one_third\">\n<div class=\"modern_img_frame modern_three_col_large\">\n<div class=\"modern_preload_three_col_large\">\n<div class=\"attachment-fadeIn\"><a href='https:\/\/itera.com.uy\/wp57\/links\/'><img src='https:\/\/itera.com.uy\/wp57\/wp-content\/uploads\/2012\/04\/ranking-275x145.gif' alt='Ranking UIT' \/><\/a><\/p>\n<\/div><\/div><\/div><h4><a href=\"https:\/\/itera.com.uy\/wp57\/links\/\">Ranking UIT<\/a><\/h4>\n<p>\nRanking UIT: Uruguay primero en Latinoam\u00e9rica\r\n\r\nUruguay ocupa el primer puesto en Latinoam\u00e9rica, seg\u00fan la medic...<\/p>\n<p><a href=\"https:\/\/itera.com.uy\/wp57\/links\/\" class=\"ka_button small_button\"><span>Leer m\u00e1s<\/span><\/a><\/p>\n<\/div>\n<\/div><br class=\"clear\" \/><\/div><br class=\"clear\" \/><p>&nbsp;<\/p>\n","protected":false},"excerpt":{"rendered":"<p>Ranking UIT: Uruguay primero en Latinoam\u00e9rica<br \/>\nUruguay ocupa el primer puesto en Latinoam\u00e9rica, seg\u00fan la medici\u00f3n de la Sociedad de la Informaci\u00f3n elaborada por la Divisi\u00f3n de Estad\u00edsticas de la Uni\u00f3n Internacional de Telecomunicaciones (UIT) en su edici\u00f3n 2011.<br \/>\nEn esta publicaci\u00f3n anual se proporcionan los datos m\u00e1s recientes sobre el \u00cdndice de Desarrollo de las TIC (IDI) y la Cesta de Precios de TIC (IPB), dos referencias b\u00e1sicas para seguir la evoluci\u00f3n de la Sociedad de la Informaci\u00f3n en &#8230;<\/p>\n","protected":false},"author":1,"featured_media":0,"parent":0,"menu_order":0,"comment_status":"closed","ping_status":"closed","template":"template-homepage-jquery.php","meta":{"footnotes":""},"_links":{"self":[{"href":"https:\/\/itera.com.uy\/wp57\/wp-json\/wp\/v2\/pages\/2"}],"collection":[{"href":"https:\/\/itera.com.uy\/wp57\/wp-json\/wp\/v2\/pages"}],"about":[{"href":"https:\/\/itera.com.uy\/wp57\/wp-json\/wp\/v2\/types\/page"}],"author":[{"embeddable":true,"href":"https:\/\/itera.com.uy\/wp57\/wp-json\/wp\/v2\/users\/1"}],"replies":[{"embeddable":true,"href":"https:\/\/itera.com.uy\/wp57\/wp-json\/wp\/v2\/comments?post=2"}],"version-history":[{"count":36,"href":"https:\/\/itera.com.uy\/wp57\/wp-json\/wp\/v2\/pages\/2\/revisions"}],"predecessor-version":[{"id":63,"href":"https:\/\/itera.com.uy\/wp57\/wp-json\/wp\/v2\/pages\/2\/revisions\/63"}],"wp:attachment":[{"href":"https:\/\/itera.com.uy\/wp57\/wp-json\/wp\/v2\/media?parent=2"}],"curies":[{"name":"wp","href":"https:\/\/api.w.org\/{rel}","templated":true}]}}